--
-- Host: localhost    Database: bongodb
-- ------------------------------------------------------


--
-- Table structure for table `bodega`
--

CREATE TABLE `bodega` (
  `idbodega` int(11) NOT NULL AUTO_INCREMENT,
  `nombre` varchar(45) DEFAULT NULL,
  PRIMARY KEY (`idbodega`),
  UNIQUE KEY `idbodega_UNIQUE` (`idbodega`)
) ENGINE=InnoDB DEFAULT CHARSET=utf8;

--
-- Dumping data for table `bodega`
--


--
-- Table structure for table `canal`
--

CREATE TABLE `canal` (
  `idcanal` int(11) NOT NULL AUTO_INCREMENT,
  `nombre` varchar(45) DEFAULT NULL,
  PRIMARY KEY (`idcanal`),
  UNIQUE KEY `idcanal_UNIQUE` (`idcanal`)
) ENGINE=InnoDB DEFAULT CHARSET=utf8;

--
-- Dumping data for table `canal`
--


--
-- Table structure for table `cargopersonacontacto`
--

CREATE TABLE `cargopersonacontacto` (
  `idcargopersonacontacto` int(11) NOT NULL AUTO_INCREMENT,
  `nombre` varchar(45) NOT NULL,
  PRIMARY KEY (`idcargopersonacontacto`),
  UNIQUE KEY `idcargopersonacontacto_UNIQUE` (`idcargopersonacontacto`)
) ENGINE=InnoDB AUTO_INCREMENT=9 DEFAULT CHARSET=utf8;

--
-- Dumping data for table `cargopersonacontacto`
--

INSERT INTO `cargopersonacontacto` VALUES (1,'Administrador'),(2,'Librero'),(3,'Información sobre cambios de precios'),(4,'Contabilidad'),(5,'Facturación'),(6,'Tesorería'),(7,'Control de inventarios'),(8,'Otro');

--
-- Table structure for table `ciudad`
--

CREATE TABLE `ciudad` (
  `idciudad` int(11) NOT NULL AUTO_INCREMENT,
  `nombre` varchar(45) DEFAULT NULL,
  `pais_idpais` int(11) NOT NULL,
  `departamento_iddepartamento` int(11) NOT NULL,
  PRIMARY KEY (`idciudad`),
  UNIQUE KEY `idciudad_UNIQUE` (`idciudad`),
  KEY `fk_ciudad_pais1_idx` (`pais_idpais`),
  KEY `fk_ciudad_departamento1_idx` (`departamento_iddepartamento`),
  CONSTRAINT `fk_ciudad_departamento1` FOREIGN KEY (`departamento_iddepartamento`) REFERENCES `departamento` (`iddepartamento`) ON DELETE NO ACTION ON UPDATE NO ACTION,
  CONSTRAINT `fk_ciudad_pais1` FOREIGN KEY (`pais_idpais`) REFERENCES `pais` (`idpais`) ON DELETE NO ACTION ON UPDATE NO ACTION
) ENGINE=InnoDB AUTO_INCREMENT=99774 DEFAULT CHARSET=utf8;

--
-- Dumping data for table `ciudad`
--

INSERT INTO `ciudad` VALUES (5001,'MEDELLIN',1,1),(5002,'ABEJORRAL',1,1),(5004,'ABRIAQUI',1,1),(5021,'ALEJANDRIA',1,1),(5030,'AMAGA',1,1),(5031,'AMALFI',1,1),(5034,'ANDES',1,1),(5036,'ANGELOPOLIS',1,1),(5038,'ANGOSTURA',1,1),(5040,'ANORI',1,1),(5042,'SANTAFE DE ANTIOQUIA',1,1),(5044,'ANZA',1,1),(5045,'APARTADO',1,1),(5051,'ARBOLETES',1,1),(5055,'ARGELIA',1,1),(5059,'ARMENIA',1,1),(5079,'BARBOSA',1,1),(5086,'BELMIRA',1,1),(5088,'BELLO',1,1),(5091,'BETANIA',1,1),(5093,'BETULIA',1,1),(5101,'CIUDAD BOLIVAR',1,1),(5107,'BRICEÑO',1,1),(5113,'BURITICA',1,1),(5120,'CACERES',1,1),(5125,'CAICEDO',1,1),(5129,'CALDAS',1,1),(5134,'CAMPAMENTO',1,1),(5138,'CAÑASGORDAS',1,1),(5142,'CARACOLI',1,1),(5145,'CARAMANTA',1,1),(5147,'CAREPA',1,1),(5148,'EL CARMEN DE VIBORAL',1,1),(5150,'CAROLINA',1,1),(5154,'CAUCASIA',1,1),(5172,'CHIGORODO',1,1),(5190,'CISNEROS',1,1),(5197,'COCORNA',1,1),(5206,'CONCEPCION',1,1),(5209,'CONCORDIA',1,1),(5212,'COPACABANA',1,1),(5234,'DABEIBA',1,1),(5237,'DON MATIAS',1,1),(5240,'EBEJICO',1,1),(5250,'EL BAGRE',1,1),(5264,'ENTRERRIOS',1,1),(5266,'ENVIGADO',1,1),(5282,'FREDONIA',1,1),(5284,'FRONTINO',1,1),(5306,'GIRALDO',1,1),(5308,'GIRARDOTA',1,1),(5310,'GOMEZ PLATA',1,1),(5313,'GRANADA',1,1),(5315,'GUADALUPE',1,1),(5318,'GUARNE',1,1),(5321,'GUATAPE',1,1),(5347,'HELICONIA',1,1),(5353,'HISPANIA',1,1),(5360,'ITAGÜI',1,1),(5361,'ITUANGO',1,1),(5364,'JARDIN',1,1),(5368,'JERICO',1,1),(5376,'LA CEJA',1,1),(5380,'LA ESTRELLA',1,1),(5390,'LA PINTADA',1,1),(5400,'LA UNION',1,1),(5411,'LIBORINA',1,1),(5425,'MACEO',1,1),(5440,'MARINILLA',1,1),(5467,'MONTEBELLO',1,1),(5475,'MURINDO',1,1),(5480,'MUTATA',1,1),(5483,'NARIÑO',1,1),(5490,'NECOCLI',1,1),(5495,'NECHI',1,1),(5501,'OLAYA',1,1),(5541,'PEÑOL',1,1),(5543,'PEQUE',1,1),(5576,'PUEBLORRICO',1,1),(5579,'PUERTO BERRIO',1,1),(5585,'PUERTO NARE',1,1),(5591,'PUERTO TRIUNFO',1,1),(5604,'REMEDIOS',1,1),(5607,'RETIRO',1,1),(5615,'RIONEGRO',1,1),(5628,'SABANALARGA',1,1),(5631,'SABANETA',1,1),(5642,'SALGAR',1,1),(5647,'SAN ANDRES',1,1),(5649,'SAN CARLOS',1,1),(5652,'SAN FRANCISCO',1,1),(5656,'SAN JERONIMO',1,1),(5658,'SAN JOSE DE LA MONTAÑA',1,1),(5659,'SAN JUAN DE URABA',1,1),(5660,'SAN LUIS',1,1),(5664,'SAN PEDRO',1,1),(5665,'SAN PEDRO DE URABA',1,1),(5667,'SAN RAFAEL',1,1),(5670,'SAN ROQUE',1,1),(5674,'SAN VICENTE',1,1),(5679,'SANTA BARBARA',1,1),(5686,'SANTA ROSA DE OSOS',1,1),(5690,'SANTO DOMINGO',1,1),(5697,'EL SANTUARIO',1,1),(5736,'SEGOVIA',1,1),(5756,'SONSON',1,1),(5761,'SOPETRAN',1,1),(5789,'TAMESIS',1,1),(5790,'TARAZA',1,1),(5792,'TARSO',1,1),(5809,'TITIRIBI',1,1),(5819,'TOLEDO',1,1),(5837,'TURBO',1,1),(5842,'URAMITA',1,1),(5847,'URRAO',1,1),(5854,'VALDIVIA',1,1),(5856,'VALPARAISO',1,1),(5858,'VEGACHI',1,1),(5861,'VENECIA',1,1),(5873,'VIGIA DEL FUERTE',1,1),(5885,'YALI',1,1),(5887,'YARUMAL',1,1),(5890,'YOLOMBO',1,1),(5893,'YONDO',1,1),(5895,'ZARAGOZA',1,1),(8001,'BARRANQUILLA',1,2),(8078,'BARANOA',1,2),(8137,'CAMPO DE LA CRUZ',1,2),(8141,'CANDELARIA',1,2),(8296,'GALAPA',1,2),(8372,'JUAN DE ACOSTA',1,2),(8421,'LURUACO',1,2),(8433,'MALAMBO',1,2),(8436,'MANATÍ',1,2),(8520,'PALMAR DE VARELA',1,2),(8549,'PIOJÓ',1,2),(8558,'POLONUEVO',1,2),(8560,'PONEDERA',1,2),(8573,'PUERTO COLOMBIA',1,2),(8606,'REPELÓN',1,2),(8634,'SABANAGRANDE',1,2),(8638,'SABANALARGA',1,2),(8675,'SANTA LUCÍA',1,2),(8685,'SANTO TOMAS',1,2),(8758,'SOLEDAD',1,2),(8770,'SUAN',1,2),(8832,'TUBARÁ',1,2),(8849,'USIACURÍ',1,2),(11001,'BOGOTÁ D.C.',1,3),(13001,'CARTAGENA',1,4),(13006,'ACHÍ',1,4),(13030,'ALTOS DEL ROSARIO',1,4),(13042,'ARENAL',1,4),(13052,'ARJONA',1,4),(13062,'ARROYOHONDO',1,4),(13074,'BARRANCO DE LOBA',1,4),(13140,'CALAMAR',1,4),(13160,'CANTAGALLO',1,4),(13188,'CICUCO',1,4),(13212,'CÓRDOBA',1,4),(13222,'CLEMENCIA',1,4),(13244,'EL CARMEN DE BOLÍVAR',1,4),(13248,'EL GUAMO',1,4),(13268,'EL PEÑÓN',1,4),(13300,'HATILLO DE LOBA',1,4),(13430,'MAGANGUÉ',1,4),(13433,'MAHATES',1,4),(13440,'MARGARITA',1,4),(13442,'MARÍA LA BAJA',1,4),(13458,'MONTECRISTO',1,4),(13468,'MOMPÓS',1,4),(13473,'MORALES',1,4),(13490,'NOROSI',1,4),(13549,'PINILLOS',1,4),(13580,'REGIDOR',1,4),(13600,'RÍO VIEJO',1,4),(13620,'SAN CRISTOBAL',1,4),(13647,'SAN ESTANISLAO',1,4),(13650,'SAN FERNANDO',1,4),(13654,'SAN JACINTO',1,4),(13655,'SAN JACINTO DEL CAUCA',1,4),(13657,'SAN JUAN NEPOMUCENO',1,4),(13667,'SAN MARTÍN DE LOBA',1,4),(13670,'SAN PABLO',1,4),(13673,'SANTA CATALINA',1,4),(13683,'SANTA ROSA',1,4),(13688,'SANTA ROSA DEL SUR',1,4),(13744,'SIMITÍ',1,4),(13760,'SOPLAVIENTO',1,4),(13780,'TALAIGUA NUEVO',1,4),(13810,'TIQUISIO',1,4),(13836,'TURBACO',1,4),(13838,'TURBANÁ',1,4),(13873,'VILLANUEVA',1,4),(13894,'ZAMBRANO',1,4),(15001,'TUNJA',1,5),(15022,'ALMEIDA',1,5),(15047,'AQUITANIA',1,5),(15051,'ARCABUCO',1,5),(15087,'BELÉN',1,5),(15090,'BERBEO',1,5),(15092,'BETÉITIVA',1,5),(15097,'BOAVITA',1,5),(15104,'BOYACÁ',1,5),(15106,'BRICEÑO',1,5),(15109,'BUENAVISTA',1,5),(15114,'BUSBANZÁ',1,5),(15131,'CALDAS',1,5),(15135,'CAMPOHERMOSO',1,5),(15162,'CERINZA',1,5),(15172,'CHINAVITA',1,5),(15176,'CHIQUINQUIRÁ',1,5),(15180,'CHISCAS',1,5),(15183,'CHITA',1,5),(15185,'CHITARAQUE',1,5),(15187,'CHIVATÁ',1,5),(15189,'CIENEGA',1,5),(15204,'COMBITA',1,5),(15212,'COPER',1,5),(15215,'CORRALES',1,5),(15218,'COVARACHÍA',1,5),(15223,'CUBARÁ',1,5),(15224,'CUCAITA',1,5),(15226,'CUITIIVA',1,5),(15232,'CHIQUIZA',1,5),(15236,'CHIVOR',1,5),(15238,'DUITAMA',1,5),(15244,'EL COCUY',1,5),(15248,'EL ESPINO',1,5),(15272,'FIRAVITOBA',1,5),(15276,'FLORESTA',1,5),(15293,'GACHANTIVÁ',1,5),(15296,'GAMEZA',1,5),(15299,'GARAGOA',1,5),(15317,'GUACAMAYAS',1,5),(15322,'GUATEQUE',1,5),(15325,'GUAYATÁ',1,5),(15332,'GÜICÁN',1,5),(15362,'IZA',1,5),(15367,'JENESANO',1,5),(15368,'JERICÓ',1,5),(15377,'LABRANZAGRANDE',1,5),(15380,'LA CAPILLA',1,5),(15401,'LA VICTORIA',1,5),(15403,'LA UVITA',1,5),(15407,'VILLA DE LEYVA',1,5),(15425,'MACANAL',1,5),(15442,'MARIPÍ',1,5),(15455,'MIRAFLORES',1,5),(15464,'MONGUA',1,5),(15466,'MONGUÍ',1,5),(15469,'MONIQUIRÁ',1,5),(15476,'MOTAVITA',1,5),(15480,'MUZO',1,5),(15491,'NOBSA',1,5),(15494,'NUEVO COLÓN',1,5),(15500,'OICATA',1,5),(15507,'OTANCHE',1,5),(15511,'PACHAVITA',1,5),(15514,'PAEZ',1,5),(15516,'PAIPA',1,5),(15518,'PAJARITO',1,5),(15522,'PANQUEBA',1,5),(15531,'PAUNA',1,5),(15533,'PAYA',1,5),(15537,'PAZ DE RÍO',1,5),(15542,'PESCA',1,5),(15550,'PISBA',1,5),(15572,'PUERTO BOYACÁ',1,5),(15580,'QUIPAMA',1,5),(15599,'RAMIRIQUÍ',1,5),(15600,'RAQUIRA',1,5),(15621,'RONDÓN',1,5),(15632,'SABOYÁ',1,5),(15638,'SACHICA',1,5),(15646,'SAMACÁ',1,5),(15660,'SAN EDUARDO',1,5),(15664,'SAN JOSÉ DE PARE',1,5),(15667,'SAN LUIS DE GACENO',1,5),(15673,'SAN MATEO',1,5),(15676,'SAN MIGUEL DE SEMA',1,5),(15681,'SAN PABLO BORBUR',1,5),(15686,'SANTANA',1,5),(15690,'SANTA MARÍA',1,5),(15693,'SANTA ROSA DE VITERBO',1,5),(15696,'SANTA SOFÍA',1,5),(15720,'SATIVANORTE',1,5),(15723,'SATIVASUR',1,5),(15740,'SIACHOQUE',1,5),(15753,'SOATÁ',1,5),(15755,'SOCOTÁ',1,5),(15757,'SOCHA',1,5),(15759,'SOGAMOSO',1,5),(15761,'SOMONDOCO',1,5),(15762,'SORA',1,5),(15763,'SOTAQUIRÁ',1,5),(15764,'SORACÁ',1,5),(15774,'SUSACÓN',1,5),(15776,'SUTAMARCHÁN',1,5),(15778,'SUTATENZA',1,5),(15790,'TASCO',1,5),(15798,'TENZA',1,5),(15804,'TIBANÁ',1,5),(15806,'TIBASOSA',1,5),(15808,'TINJACÁ',1,5),(15810,'TIPACOQUE',1,5),(15814,'TOCA',1,5),(15816,'TOGÜÍ',1,5),(15820,'TOPAGA',1,5),(15822,'TOTA',1,5),(15832,'TUNUNGUÁ',1,5),(15835,'TURMEQUÉ',1,5),(15837,'TUTA',1,5),(15839,'TUTASÁ',1,5),(15842,'UMBITA',1,5),(15861,'VENTAQUEMADA',1,5),(15879,'VIRACACHÁ',1,5),(15897,'ZETAQUIRA',1,5),(17001,'MANIZALES',1,6),(17013,'AGUADAS',1,6),(17042,'ANSERMA',1,6),(17050,'ARANZAZU',1,6),(17088,'BELALCÁZAR',1,6),(17174,'CHINCHINÁ',1,6),(17272,'FILADELFIA',1,6),(17380,'LA DORADA',1,6),(17388,'LA MERCED',1,6),(17433,'MANZANARES',1,6),(17442,'MARMATO',1,6),(17444,'MARQUETALIA',1,6),(17446,'MARULANDA',1,6),(17486,'NEIRA',1,6),(17495,'NORCASIA',1,6),(17513,'PÁCORA',1,6),(17524,'PALESTINA',1,6),(17541,'PENSILVANIA',1,6),(17614,'RIOSUCIO',1,6),(17616,'RISARALDA',1,6),(17653,'SALAMINA',1,6),(17662,'SAMANÁ',1,6),(17665,'SAN JOSÉ',1,6),(17777,'SUPÍA',1,6),(17867,'VICTORIA',1,6),(17873,'VILLAMARÍA',1,6),(17877,'VITERBO',1,6),(18001,'FLORENCIA',1,7),(18029,'ALBANIA',1,7),(18094,'BELÉN DE LOS ANDAQUÍES',1,7),(18150,'CARTAGENA DEL CHAIRÁ',1,7),(18205,'CURRILLO',1,7),(18247,'EL DONCELLO',1,7),(18256,'EL PAUJIL',1,7),(18410,'LA MONTAÑITA',1,7),(18460,'MILÁN',1,7),(18479,'MORELIA',1,7),(18592,'PUERTO RICO',1,7),(18610,'SAN JOSÉ DE LA FRAGUA',1,7),(18753,'SAN VICENTE DEL CAGUÁN',1,7),(18756,'SOLANO',1,7),(18785,'SOLITA',1,7),(18860,'VALPARAÍSO',1,7),(19001,'POPAYÁN',1,8),(19022,'ALMAGUER',1,8),(19050,'ARGELIA',1,8),(19075,'BALBOA',1,8),(19100,'BOLÍVAR',1,8),(19110,'BUENOS AIRES',1,8),(19130,'CAJIBÍO',1,8),(19137,'CALDONO',1,8),(19142,'CALOTO',1,8),(19212,'CORINTO',1,8),(19256,'EL TAMBO',1,8),(19290,'FLORENCIA',1,8),(19300,'GUACHENE',1,8),(19318,'GUAPI',1,8),(19355,'INZÁ',1,8),(19364,'JAMBALÓ',1,8),(19392,'LA SIERRA',1,8),(19397,'LA VEGA',1,8),(19418,'LÓPEZ',1,8),(19450,'MERCADERES',1,8),(19455,'MIRANDA',1,8),(19473,'MORALES',1,8),(19513,'PADILLA',1,8),(19517,'PÁEZ',1,8),(19532,'PATÍA',1,8),(19533,'PIAMONTE',1,8),(19548,'PIENDAMÓ',1,8),(19573,'PUERTO TEJADA',1,8),(19585,'PURACÉ',1,8),(19622,'ROSAS',1,8),(19693,'SAN SEBASTIÁN',1,8),(19698,'SANTANDER DE QUILICHAO',1,8),(19701,'SANTA ROSA',1,8),(19743,'SILVIA',1,8),(19760,'SOTARÁ',1,8),(19780,'SUÁREZ',1,8),(19785,'SUCRE',1,8),(19807,'TIMBÍO',1,8),(19809,'TIMBIQUÍ',1,8),(19821,'TORIBÍO',1,8),(19824,'TOTORÓ',1,8),(19845,'VILLA RICA',1,8),(20001,'VALLEDUPAR',1,9),(20011,'AGUACHICA',1,9),(20013,'AGUSTÍN CODAZZI',1,9),(20032,'ASTREA',1,9),(20045,'BECERRIL',1,9),(20060,'BOSCONIA',1,9),(20175,'CHIMICHAGUA',1,9),(20178,'CHIRIGUANÁ',1,9),(20228,'CURUMANÍ',1,9),(20238,'EL COPEY',1,9),(20250,'EL PASO',1,9),(20295,'GAMARRA',1,9),(20310,'GONZÁLEZ',1,9),(20383,'LA GLORIA',1,9),(20400,'LA JAGUA DE IBIRICO',1,9),(20443,'MANAURE',1,9),(20517,'PAILITAS',1,9),(20550,'PELAYA',1,9),(20570,'PUEBLO BELLO',1,9),(20614,'RÍO DE ORO',1,9),(20621,'LA PAZ',1,9),(20710,'SAN ALBERTO',1,9),(20750,'SAN DIEGO',1,9),(20770,'SAN MARTÍN',1,9),(20787,'TAMALAMEQUE',1,9),(23001,'MONTERÍA',1,10),(23068,'AYAPEL',1,10),(23079,'BUENAVISTA',1,10),(23090,'CANALETE',1,10),(23162,'CERETÉ',1,10),(23168,'CHIMA',1,10),(23182,'CHINÚ',1,10),(23189,'CIÉNAGA DE ORO',1,10),(23300,'COTORRA',1,10),(23350,'LA APARTADA',1,10),(23417,'LORICA',1,10),(23419,'LOS CÓRDOBAS',1,10),(23464,'MOMIL',1,10),(23466,'MONTELÍBANO',1,10),(23500,'MOÑITOS',1,10),(23555,'PLANETA RICA',1,10),(23570,'PUEBLO NUEVO',1,10),(23574,'PUERTO ESCONDIDO',1,10),(23580,'PUERTO LIBERTADOR',1,10),(23586,'PURÍSIMA',1,10),(23660,'SAHAGÚN',1,10),(23670,'SAN ANDRÉS DE SOTAVET0',1,10),(23672,'SAN ANTERO',1,10),(23675,'SAN BERNARDO DEL VIENTO',1,10),(23678,'SAN CARLOS',1,10),(23682,'SAN JOSE DE URE',1,10),(23686,'SAN PELAYO',1,10),(23807,'TIERRALTA',1,10),(23815,'TUCHIN',1,10),(23855,'VALENCIA',1,10),(25001,'AGUA DE DIOS',1,11),(25019,'ALBÁN',1,11),(25035,'ANAPOIMA',1,11),(25040,'ANOLAIMA',1,11),(25053,'ARBELÁEZ',1,11),(25086,'BELTRÁN',1,11),(25095,'BITUIMA',1,11),(25099,'BOJACÁ',1,11),(25120,'CABRERA',1,11),(25123,'CACHIPAY',1,11),(25126,'CAJICÁ',1,11),(25148,'CAPARRAPÍ',1,11),(25151,'CÁQUEZA',1,11),(25154,'CARMEN DE CARUPA',1,11),(25168,'CHAGUANÍ',1,11),(25175,'CHÍA',1,11),(25178,'CHIPAQUE',1,11),(25181,'CHOACHÍ',1,11),(25183,'CHOCONTÁ',1,11),(25200,'COGUA',1,11),(25214,'COTA',1,11),(25224,'CUCUNUBÁ',1,11),(25245,'EL COLEGIO',1,11),(25258,'EL PEÑÓN',1,11),(25260,'EL ROSAL',1,11),(25269,'FACATATIVÁ',1,11),(25279,'FÓMEQUE',1,11),(25281,'FOSCA',1,11),(25286,'FUNZA',1,11),(25288,'FÚQUENE',1,11),(25290,'FUSAGASUGÁ',1,11),(25293,'GACHALÁ',1,11),(25295,'GACHANCIPÁ',1,11),(25297,'GACHETÁ',1,11),(25299,'GAMA',1,11),(25307,'GIRARDOT',1,11),(25312,'GRANADA',1,11),(25317,'GUACHETÁ',1,11),(25320,'GUADUAS',1,11),(25322,'GUASCA',1,11),(25324,'GUATAQUÍ',1,11),(25326,'GUATAVITA',1,11),(25328,'GUAYABAL DE SÍQUIMA',1,11),(25335,'GUAYABETAL',1,11),(25339,'GUTIÉRREZ',1,11),(25368,'JERUSALÉN',1,11),(25372,'JUNÍN',1,11),(25377,'LA CALERA',1,11),(25386,'LA MESA',1,11),(25394,'LA PALMA',1,11),(25398,'LA PEÑA',1,11),(25402,'LA VEGA',1,11),(25407,'LENGUAZAQUE',1,11),(25426,'MACHETÁ',1,11),(25430,'MADRID',1,11),(25436,'MANTA',1,11),(25438,'MEDINA',1,11),(25473,'MOSQUERA',1,11),(25483,'NARIÑO',1,11),(25486,'NEMOCÓN',1,11),(25488,'NILO',1,11),(25489,'NIMAIMA',1,11),(25491,'NOCAIMA',1,11),(25506,'VENECIA',1,11),(25513,'PACHO',1,11),(25518,'PAIME',1,11),(25524,'PANDI',1,11),(25530,'PARATEBUENO',1,11),(25535,'PASCA',1,11),(25572,'PUERTO SALGAR',1,11),(25580,'PULÍ',1,11),(25592,'QUEBRADANEGRA',1,11),(25594,'QUETAME',1,11),(25596,'QUÍPILE',1,11),(25599,'APULO',1,11),(25612,'RICAURTE',1,11),(25645,'SAN ANTONIO DE TEQUENDAMA',1,11),(25649,'SAN BERNARDO',1,11),(25653,'SAN CAYETANO',1,11),(25658,'SAN FRANCISCO',1,11),(25662,'SAN JUAN DE RIOSECO',1,11),(25718,'SASAIMA',1,11),(25736,'SESQUILÉ',1,11),(25740,'SIBATÉ',1,11),(25743,'SILVANIA',1,11),(25745,'SIMIJACA',1,11),(25754,'SOACHA',1,11),(25758,'SOPÓ',1,11),(25769,'SUBACHOQUE',1,11),(25772,'SUESCA',1,11),(25777,'SUPATÁ',1,11),(25779,'SUSA',1,11),(25781,'SUTATAUSA',1,11),(25785,'TABIO',1,11),(25793,'TAUSA',1,11),(25797,'TENA',1,11),(25799,'TENJO',1,11),(25805,'TIBACUY',1,11),(25807,'TIBIRITA',1,11),(25815,'TOCAIMA',1,11),(25817,'TOCANCIPÁ',1,11),(25823,'TOPAIPÍ',1,11),(25839,'UBALÁ',1,11),(25841,'UBAQUE',1,11),(25843,'UBATÉ',1,11),(25845,'UNE',1,11),(25851,'ÚTICA',1,11),(25862,'VERGARA',1,11),(25867,'VIANÍ',1,11),(25871,'VILLAGÓMEZ',1,11),(25873,'VILLAPINZÓN',1,11),(25875,'VILLETA',1,11),(25878,'VIOTÁ',1,11),(25885,'YACOPÍ',1,11),(25898,'ZIPACÓN',1,11),(25899,'ZIPAQUIRA',1,11),(27001,'QUIBDO',1,12),(27006,'ACANDÍ',1,12),(27025,'ALTO BAUDÓ',1,12),(27050,'ATRATO',1,12),(27073,'BAGADÓ',1,12),(27075,'BAHÍA SOLANO',1,12),(27077,'BAJO BAUDÓ',1,12),(27099,'BOJAYÁ',1,12),(27135,'CANTÓN DEL SAN PABLO',1,12),(27150,'CARMEN DEL DARIEN',1,12),(27160,'CERTEGUI',1,12),(27205,'CONDOTO',1,12),(27245,'EL CARMEN DE ATRATO',1,12),(27250,'LITORAL DEL BAJO SAN JUAN',1,12),(27361,'ISTMINA',1,12),(27372,'JURADÓ',1,12),(27413,'LLORÓ',1,12),(27425,'MEDIO ATRATO',1,12),(27430,'MEDIO BAUDO',1,12),(27450,'MEDIO SAN JUAN',1,12),(27491,'NÓVITA',1,12),(27495,'NUQUÍ',1,12),(27580,'RÍO IRO',1,12),(27600,'RIO QUITO',1,12),(27615,'RIOSUCIO',1,12),(27660,'SAN JOSÉ DEL PALMAR',1,12),(27745,'SIPÍ',1,12),(27787,'TADÓ',1,12),(27800,'UNGUÍA',1,12),(27810,'UNIÓN PANAMERICANA',1,12),(41001,'NEIVA',1,13),(41006,'ACEVEDO',1,13),(41013,'AGRADO',1,13),(41016,'AIPE',1,13),(41020,'ALGECIRAS',1,13),(41026,'ALTAMIRA',1,13),(41078,'BARAYA',1,13),(41132,'CAMPOALEGRE',1,13),(41206,'COLOMBIA',1,13),(41244,'ELÍAS',1,13),(41298,'GARZÓN',1,13),(41306,'GIGANTE',1,13),(41319,'GUADALUPE',1,13),(41349,'HOBO',1,13),(41357,'IQUIRA',1,13),(41359,'ISNOS',1,13),(41378,'LA ARGENTINA',1,13),(41396,'LA PLATA',1,13),(41483,'NÁTAGA',1,13),(41503,'OPORAPA',1,13),(41518,'PAICOL',1,13),(41524,'PALERMO',1,13),(41530,'PALESTINA',1,13),(41548,'PITAL',1,13),(41551,'PITALITO',1,13),(41615,'RIVERA',1,13),(41660,'SALADOBLANCO',1,13),(41668,'SAN AGUSTÍN',1,13),(41676,'SANTA MARÍA',1,13),(41770,'SUAZA',1,13),(41791,'TARQUI',1,13),(41797,'TESALIA',1,13),(41799,'TELLO',1,13),(41801,'TERUEL',1,13),(41807,'TIMANÁ',1,13),(41872,'VILLAVIEJA',1,13),(41885,'YAGUARÁ',1,13),(44001,'RIOHACHA',1,14),(44035,'ALBANIA',1,14),(44078,'BARRANCAS',1,14),(44090,'DIBULLA',1,14),(44098,'DISTRACCION',1,14),(44110,'EL MOLINO',1,14),(44279,'FONSECA',1,14),(44378,'HATONUEVO',1,14),(44420,'LA JAGUA DEL PILAR',1,14),(44430,'MAICAO',1,14),(44560,'MANAURE',1,14),(44650,'SAN JUAN DEL CESAR',1,14),(44847,'URIBIA',1,14),(44855,'URUMITA',1,14),(44874,'VILLANUEVA',1,14),(47001,'SANTA MARTA',1,15),(47030,'ALGARROBO',1,15),(47053,'ARACATACA',1,15),(47058,'ARIGUANÍ',1,15),(47161,'CERRO SAN ANTONIO',1,15),(47170,'CHIVOLÓ',1,15),(47189,'CIÉNAGA',1,15),(47205,'CONCORDIA',1,15),(47245,'EL BANCO',1,15),(47258,'EL PIÑÓN',1,15),(47268,'EL RETÉN',1,15),(47288,'FUNDACIÓN',1,15),(47318,'GUAMAL',1,15),(47460,'NUEVA GRANADA',1,15),(47541,'PEDRAZA',1,15),(47545,'PIJINO DEL CARMEN',1,15),(47551,'PIVIJAY',1,15),(47555,'PLATO',1,15),(47570,'PUEBLOVIEJO',1,15),(47605,'REMOLINO',1,15),(47660,'SABANAS DE SAN ÁNGEL',1,15),(47675,'SALAMINA',1,15),(47692,'SAN SEBASTIÁN DE BUENAVISTA',1,15),(47703,'SAN ZENÓN',1,15),(47707,'SANTA ANA',1,15),(47720,'SANTA BARBARA DE PINTO',1,15),(47745,'SITIONUEVO',1,15),(47798,'TENERIFE',1,15),(47960,'ZAPAYÁN',1,15),(47980,'ZONA BANANERA',1,15),(50001,'VILLAVICENCIO',1,16),(50006,'ACACÍAS',1,16),(50110,'BARRANCA DE UPÍA',1,16),(50124,'CABUYARO',1,16),(50150,'CASTILLA LA NUEVA',1,16),(50223,'CUBARRAL',1,16),(50226,'CUMARAL',1,16),(50245,'EL CALVARIO',1,16),(50251,'EL CASTILLO',1,16),(50270,'EL DORADO',1,16),(50287,'FUENTE DE ORO',1,16),(50313,'GRANADA',1,16),(50318,'GUAMAL',1,16),(50325,'MAPIRIPÁN',1,16),(50330,'MESETAS',1,16),(50350,'LA MACARENA',1,16),(50370,'URIBE',1,16),(50400,'LEJANÍAS',1,16),(50450,'PUERTO CONCORDIA',1,16),(50568,'PUERTO GAITÁN',1,16),(50573,'PUERTO LÓPEZ',1,16),(50577,'PUERTO LLERAS',1,16),(50590,'PUERTO RICO',1,16),(50606,'RESTREPO',1,16),(50680,'SAN CARLOS DE GUAROA',1,16),(50683,'SAN JUAN DE ARAMA',1,16),(50686,'SAN JUANITO',1,16),(50689,'SAN MARTÍN',1,16),(50711,'VISTA HERMOSA',1,16),(52001,'PASTO',1,17),(52019,'ALBÁN',1,17),(52022,'ALDANA',1,17),(52036,'ANCUYÁ',1,17),(52051,'ARBOLEDA',1,17),(52079,'BARBACOAS',1,17),(52083,'BELÉN',1,17),(52110,'BUESACO',1,17),(52203,'COLÓN',1,17),(52207,'CONSACÁ',1,17),(52210,'CONTADERO',1,17),(52215,'CÓRDOBA',1,17),(52224,'CUASPUD',1,17),(52227,'CUMBAL',1,17),(52233,'CUMBITARA',1,17),(52240,'CHACHAGUÍ',1,17),(52250,'EL CHARCO',1,17),(52254,'EL PEÑOL',1,17),(52256,'EL ROSARIO',1,17),(52258,'EL TABLÓN',1,17),(52260,'EL TAMBO',1,17),(52287,'FUNES',1,17),(52317,'GUACHUCAL',1,17),(52320,'GUAITARILLA',1,17),(52323,'GUALMATÁN',1,17),(52352,'ILES',1,17),(52354,'IMUÉS',1,17),(52356,'IPIALES',1,17),(52378,'LA CRUZ',1,17),(52381,'LA FLORIDA',1,17),(52385,'LA LLANADA',1,17),(52390,'LA TOLA',1,17),(52399,'LA UNIÓN',1,17),(52405,'LEIVA',1,17),(52411,'LINARES',1,17),(52418,'LOS ANDES',1,17),(52427,'MAGUÍ',1,17),(52435,'MALLAMA',1,17),(52473,'MOSQUERA',1,17),(52480,'NARIÑO',1,17),(52490,'OLAYA HERRERA',1,17),(52506,'OSPINA',1,17),(52520,'FRANCISCO PIZARRO',1,17),(52540,'POLICARPA',1,17),(52560,'POTOSÍ',1,17),(52565,'PROVIDENCIA',1,17),(52573,'PUERRES',1,17),(52585,'PUPIALES',1,17),(52612,'RICAURTE',1,17),(52621,'ROBERTO PAYÁN',1,17),(52678,'SAMANIEGO',1,17),(52683,'SANDONÁ',1,17),(52685,'SAN BERNARDO',1,17),(52687,'SAN LORENZO',1,17),(52693,'SAN PABLO',1,17),(52694,'SAN PEDRO DE CARTAGO',1,17),(52696,'SANTA BÁRBARA',1,17),(52699,'SANTA CRUZ',1,17),(52720,'SAPUYES',1,17),(52786,'TAMINANGO',1,17),(52788,'TANGUA',1,17),(52835,'TUMACO',1,17),(52838,'TÚQUERRES',1,17),(52885,'YACUANQUER',1,17),(54001,'CÚCUTA',1,18),(54003,'ÁBREGO',1,18),(54051,'ARBOLEDAS',1,18),(54099,'BOCHALEMA',1,18),(54109,'BUCARASICA',1,18),(54125,'CÁCOTA',1,18),(54128,'CÁCHIRA',1,18),(54172,'CHINÁCOTA',1,18),(54174,'CHITAGÁ',1,18),(54206,'CONVENCIÓN',1,18),(54223,'CUCUTILLA',1,18),(54239,'DURANIA',1,18),(54245,'EL CARMEN',1,18),(54250,'EL TARRA',1,18),(54261,'EL ZULIA',1,18),(54313,'GRAMALOTE',1,18),(54344,'HACARÍ',1,18),(54347,'HERRÁN',1,18),(54377,'LABATECA',1,18),(54385,'LA ESPERANZA',1,18),(54398,'LA PLAYA',1,18),(54405,'LOS PATIOS',1,18),(54418,'LOURDES',1,18),(54480,'MUTISCUA',1,18),(54498,'OCAÑA',1,18),(54518,'PAMPLONA',1,18),(54520,'PAMPLONITA',1,18),(54553,'PUERTO SANTANDER',1,18),(54599,'RAGONVALIA',1,18),(54660,'SALAZAR',1,18),(54670,'SAN CALIXTO',1,18),(54673,'SAN CAYETANO',1,18),(54680,'SANTIAGO',1,18),(54720,'SARDINATA',1,18),(54743,'SILOS',1,18),(54800,'TEORAMA',1,18),(54810,'TIBÚ',1,18),(54820,'TOLEDO',1,18),(54871,'VILLA CARO',1,18),(54874,'VILLA DEL ROSARIO',1,18),(63001,'ARMENIA',1,19),(63111,'BUENAVISTA',1,19),(63130,'CALARCÁ',1,19),(63190,'CIRCASIA',1,19),(63212,'CÓRDOBA',1,19),(63272,'FILANDIA',1,19),(63302,'GÉNOVA',1,19),(63401,'LA TEBAIDA',1,19),(63470,'MONTENEGRO',1,19),(63548,'PIJAO',1,19),(63594,'QUIMBAYA',1,19),(63690,'SALENTO',1,19),(66001,'PEREIRA',1,20),(66045,'APÍA',1,20),(66075,'BALBOA',1,20),(66088,'BELÉN DE UMBRÍA',1,20),(66170,'DOS QUEBRADAS',1,20),(66318,'GUÁTICA',1,20),(66383,'LA CELIA',1,20),(66400,'LA VIRGINIA',1,20),(66440,'MARSELLA',1,20),(66456,'MISTRATÓ',1,20),(66572,'PUEBLO RICO',1,20),(66594,'QUINCHÍA',1,20),(66682,'SANTA ROSA DE CABAL',1,20),(66687,'SANTUARIO',1,20),(68001,'BUCARAMANGA',1,21),(68013,'AGUADA',1,21),(68020,'ALBANIA',1,21),(68051,'ARATOCA',1,21),(68077,'BARBOSA',1,21),(68079,'BARICHARA',1,21),(68081,'BARRANCABERMEJA',1,21),(68092,'BETULIA',1,21),(68101,'BOLÍVAR',1,21),(68121,'CABRERA',1,21),(68132,'CALIFORNIA',1,21),(68147,'CAPITANEJO',1,21),(68152,'CARCASÍ',1,21),(68160,'CEPITÁ',1,21),(68162,'CERRITO',1,21),(68167,'CHARALÁ',1,21),(68169,'CHARTA',1,21),(68176,'CHIMA',1,21),(68179,'CHIPATÁ',1,21),(68190,'CIMITARRA',1,21),(68207,'CONCEPCIÓN',1,21),(68209,'CONFINES',1,21),(68211,'CONTRATACIÓN',1,21),(68217,'COROMORO',1,21),(68229,'CURITÍ',1,21),(68235,'EL CARMEN DE CHUCURÍ',1,21),(68245,'EL GUACAMAYO',1,21),(68250,'EL PEÑÓN',1,21),(68255,'EL PLAYÓN',1,21),(68264,'ENCINO',1,21),(68266,'ENCISO',1,21),(68271,'EL FLORIÁN',1,21),(68276,'FLORIDABLANCA',1,21),(68296,'GALÁN',1,21),(68298,'GÁMBITA',1,21),(68307,'GIRÓN',1,21),(68318,'GUACA',1,21),(68320,'GUADALUPE',1,21),(68322,'GUAPOTÁ',1,21),(68324,'GUAVATÁ',1,21),(68327,'GUEPSA',1,21),(68344,'HATO',1,21),(68368,'JESÚS MARÍA',1,21),(68370,'JORDÁN',1,21),(68377,'LA BELLEZA',1,21),(68385,'LANDÁZURI',1,21),(68397,'LA PAZ',1,21),(68406,'LEBRIJA',1,21),(68418,'LOS SANTOS',1,21),(68425,'MACARAVITA',1,21),(68432,'MÁLAGA',1,21),(68444,'MATANZA',1,21),(68464,'MOGOTES',1,21),(68468,'MOLAGAVITA',1,21),(68498,'OCAMONTE',1,21),(68500,'OIBA',1,21),(68502,'ONZAGA',1,21),(68522,'PALMAR',1,21),(68524,'PALMAS DEL SOCORRO',1,21),(68533,'PÁRAMO',1,21),(68547,'PIEDECUESTA',1,21),(68549,'PINCHOTE',1,21),(68572,'PUENTE NACIONAL',1,21),(68573,'PUERTO PARRA',1,21),(68575,'PUERTO WILCHES',1,21),(68615,'RIONEGRO',1,21),(68655,'SABANA DE TORRES',1,21),(68669,'SAN ANDRÉS',1,21),(68673,'SAN BENITO',1,21),(68679,'SAN GIL',1,21),(68682,'SAN JOAQUÍN',1,21),(68684,'SAN JOSÉ DE MIRANDA',1,21),(68686,'SAN MIGUEL',1,21),(68689,'SAN VICENTE DE CHUCURÍ',1,21),(68705,'SANTA BÁRBARA',1,21),(68720,'SANTA HELENA DEL OPÓN',1,21),(68745,'SIMACOTA',1,21),(68755,'SOCORRO',1,21),(68770,'SUAITA',1,21),(68773,'SUCRE',1,21),(68780,'SURATÁ',1,21),(68820,'TONA',1,21),(68855,'VALLE DE SAN JOSÉ',1,21),(68861,'VÉLEZ',1,21),(68867,'VETAS',1,21),(68872,'VILLANUEVA',1,21),(68895,'ZAPATOCA',1,21),(70001,'SINCELEJO',1,22),(70110,'BUENAVISTA',1,22),(70124,'CAIMITO',1,22),(70204,'COLOSÓ',1,22),(70215,'COROZAL',1,22),(70221,'COVEÑAS',1,22),(70230,'CHALÁN',1,22),(70233,'EL ROBLE',1,22),(70235,'GALERAS',1,22),(70265,'GUARANDA',1,22),(70400,'LA UNIÓN',1,22),(70418,'LOS PALMITOS',1,22),(70429,'MAJAGUAL',1,22),(70473,'MORROA',1,22),(70508,'OVEJAS',1,22),(70523,'PALMITO',1,22),(70670,'SAMPUÉS',1,22),(70678,'SAN BENITO ABAD',1,22),(70702,'SAN JUAN BETULIA',1,22),(70708,'SAN MARCOS',1,22),(70713,'SAN ONOFRE',1,22),(70717,'SAN PEDRO',1,22),(70742,'SINCÉ',1,22),(70771,'SUCRE',1,22),(70820,'TOLÚ',1,22),(70823,'TOLUVIEJO',1,22),(73001,'IBAGUÉ',1,23),(73024,'ALPUJARRA',1,23),(73026,'ALVARADO',1,23),(73030,'AMBALEMA',1,23),(73043,'ANZOÁTEGUI',1,23),(73055,'ARMERO',1,23),(73067,'ATACO',1,23),(73124,'CAJAMARCA',1,23),(73148,'CARMEN APICALÁ',1,23),(73152,'CASABIANCA',1,23),(73168,'CHAPARRAL',1,23),(73200,'COELLO',1,23),(73217,'COYAIMA',1,23),(73226,'CUNDAY',1,23),(73236,'DOLORES',1,23),(73268,'ESPINAL',1,23),(73270,'FALÁN',1,23),(73275,'FLANDES',1,23),(73283,'FRESNO',1,23),(73319,'GUAMO',1,23),(73347,'HERVEO',1,23),(73349,'HONDA',1,23),(73352,'ICONONZO',1,23),(73408,'LÉRIDA',1,23),(73411,'LÍBANO',1,23),(73443,'MARIQUITA',1,23),(73449,'MELGAR',1,23),(73461,'MURILLO',1,23),(73483,'NATAGAIMA',1,23),(73504,'ORTEGA',1,23),(73520,'PALO CABILDO',1,23),(73547,'PIEDRAS',1,23),(73555,'PLANADAS',1,23),(73563,'PRADO',1,23),(73585,'PURIFICACIÓN',1,23),(73616,'RIOBLANCO',1,23),(73622,'RONCESVALLES',1,23),(73624,'ROVIRA',1,23),(73671,'SALDAÑA',1,23),(73675,'SAN ANTONIO',1,23),(73678,'SAN LUIS',1,23),(73686,'SANTA ISABEL',1,23),(73770,'SUÁREZ',1,23),(73854,'VALLE DE SAN JUAN',1,23),(73861,'VENADILLO',1,23),(73870,'VILLAHERMOSA',1,23),(73873,'VILLARRICA',1,23),(76001,'CALI',1,24),(76020,'ALCALÁ',1,24),(76036,'ANDALUCÍA',1,24),(76041,'ANSERMANUEVO',1,24),(76054,'ARGELIA',1,24),(76100,'BOLÍVAR',1,24),(76109,'BUENAVENTURA',1,24),(76111,'BUGA',1,24),(76113,'BUGALAGRANDE',1,24),(76122,'CAICEDONIA',1,24),(76126,'CALIMA',1,24),(76130,'CANDELARIA',1,24),(76147,'CARTAGO',1,24),(76233,'DAGUA',1,24),(76243,'EL ÁGUILA',1,24),(76246,'EL CAIRO',1,24),(76248,'EL CERRITO',1,24),(76250,'EL DOVIO',1,24),(76275,'FLORIDA',1,24),(76306,'GINEBRA',1,24),(76318,'GUACARÍ',1,24),(76364,'JAMUNDÍ',1,24),(76377,'LA CUMBRE',1,24),(76400,'LA UNIÓN',1,24),(76403,'LA VICTORIA',1,24),(76497,'OBANDO',1,24),(76520,'PALMIRA',1,24),(76563,'PRADERA',1,24),(76606,'RESTREPO',1,24),(76616,'RIOFRÍO',1,24),(76622,'ROLDANILLO',1,24),(76670,'SAN PEDRO',1,24),(76736,'SEVILLA',1,24),(76823,'TORO',1,24),(76828,'TRUJILLO',1,24),(76834,'TULUÁ',1,24),(76845,'ULLOA',1,24),(76863,'VERSALLES',1,24),(76869,'VIJES',1,24),(76890,'YOTOCO',1,24),(76892,'YUMBO',1,24),(76895,'ZARZAL',1,24),(81001,'ARAUCA',1,25),(81065,'ARAUQUITA',1,25),(81220,'CRAVO NORTE',1,25),(81300,'FORTUL',1,25),(81591,'PUERTO RONDÓN',1,25),(81736,'SARAVENA',1,25),(81794,'TAME',1,25),(85001,'YOPAL',1,26),(85010,'AGUAZUL',1,26),(85015,'CHÁMEZA',1,26),(85125,'HATO COROZAL',1,26),(85136,'LA SALINA',1,26),(85139,'MANÍ',1,26),(85162,'MONTERREY',1,26),(85225,'NUNCHÍA',1,26),(85230,'OROCUÉ',1,26),(85250,'PAZ DE ARIPORO',1,26),(85263,'PORE',1,26),(85279,'RECETOR',1,26),(85300,'SABANALARGA',1,26),(85315,'SÁCAMA',1,26),(85325,'SAN LUIS DE PALENQUE',1,26),(85400,'TÁMARA',1,26),(85410,'TAURAMENA',1,26),(85430,'TRINIDAD',1,26),(85440,'VILLANUEVA',1,26),(86001,'MOCOA',1,27),(86219,'COLÓN',1,27),(86320,'ORITO',1,27),(86568,'PUERTO ASÍS',1,27),(86569,'PUERTO CAICEDO',1,27),(86571,'PUERTO GUZMÁN',1,27),(86573,'PUERTO LEGUÍZAMO',1,27),(86749,'SIBUNDOY',1,27),(86755,'SAN FRANCISCO',1,27),(86757,'SAN MIGUEL',1,27),(86760,'SANTIAGO',1,27),(86865,'VALLE DEL GUAMUEZ',1,27),(86885,'VILLAGARZÓN',1,27),(88001,'SAN ANDRÉS',1,28),(88564,'PROVIDENCIA',1,28),(91001,'LETICIA',1,29),(91263,'EL ENCANTO',1,29),(91405,'LA CHORRERA',1,29),(91407,'LA PEDRERA',1,29),(91430,'LA VICTORIA',1,29),(91460,'MIRITÍ-PARANÁ',1,29),(91530,'PUERTO ALEGRÍA',1,29),(91536,'PUERTO ARICA',1,29),(91540,'PUERTO NARIÑO',1,29),(91669,'PUERTO SANTANDER',1,29),(91798,'TARAPACÁ',1,29),(94001,'INÍRIDA',1,30),(94343,'BARRANCO MINAS',1,30),(94663,'MAPIRIPANA',1,30),(94883,'SAN FELIPE',1,30),(94884,'PUERTO COLOMBIA',1,30),(94885,'LA GUADALUPE',1,30),(94886,'CACAHUAL',1,30),(94887,'PANA PANA',1,30),(94888,'MORICHAL NUEVO',1,30),(95001,'SAN JOSÉ DEL GUAVIARE',1,31),(95015,'CALAMAR',1,31),(95025,'EL RETORNO',1,31),(95200,'MIRAFLORES',1,31),(97001,'MITÚ',1,32),(97161,'CARURU',1,32),(97511,'PACOA',1,32),(97666,'TARAIRA',1,32),(97777,'PAPUNAHUA',1,32),(97889,'YAVARATÉ',1,32),(99001,'PUERTO CARREÑO',1,33),(99524,'LA PRIMAVERA',1,33),(99624,'SANTA ROSALÍA',1,33),(99773,'CUMARIBO',1,33);

--
-- Table structure for table `cliente`
--

CREATE TABLE `cliente` (
  `idcliente` int(11) NOT NULL AUTO_INCREMENT,
  `razonsocial` varchar(45) DEFAULT NULL,
  `nombreestablecimiento` varchar(45) DEFAULT NULL,
  `registromercantil` varchar(45) DEFAULT NULL,
  `fechaconstitucion` date DEFAULT NULL,
  `ndesucursales` varchar(45) DEFAULT NULL,
  `responsableiva` tinyint(1) NOT NULL,
  `ndeidentificacion` varchar(45) DEFAULT NULL,
  `direccioncomercial` varchar(45) DEFAULT NULL,
  `pais_idpais` int(11) NOT NULL,
  `departamento_iddepartamento` int(11) NOT NULL,
  `ciudad_idciudad` int(11) NOT NULL,
  `codigopostal` varchar(45) DEFAULT NULL,
  `telefono` varchar(45) DEFAULT NULL,
  `fax` varchar(45) DEFAULT NULL,
  `celular` varchar(45) DEFAULT NULL,
  `email` varchar(45) DEFAULT NULL,
  `paginaweb` varchar(45) DEFAULT NULL,
  `repprimernombre` varchar(45) DEFAULT NULL,
  `repsegundonombre` varchar(45) DEFAULT NULL,
  `repprimerapellido` varchar(45) DEFAULT NULL,
  `repsegundoapellido` varchar(45) DEFAULT NULL,
  `repnumidentificacion` varchar(45) DEFAULT NULL,
  `repfechaexpedicion` varchar(45) DEFAULT NULL,
  `replugarexpedicion` varchar(45) DEFAULT NULL,
  `tipopersona_idtipopersona` int(11) NOT NULL,
  `tiporegimen_idtiporegimen` int(11) NOT NULL,
  `reptipoidentificacion_idtipoidentificacion` int(11) NOT NULL,
  `tipoactividadeconomica_idtipoactividadeconomica` int(11) NOT NULL,
  `codigocliente` varchar(45) DEFAULT NULL,
  `users_id` int(10) unsigned NOT NULL,
  `created_at` timestamp NULL DEFAULT NULL,
  `updated_at` timestamp NULL DEFAULT NULL,
  `deleted_at` timestamp NULL DEFAULT NULL,
  `aceptaterminosycondiciones` tinyint(1) DEFAULT NULL,
  `tipocliente_idtipocliente` int(11) NOT NULL,
  `tiposociedad_idtiposociedad` int(11) NOT NULL,
  `resolucionregimen` varchar(15) DEFAULT NULL,
  `resolucionautoretenedor` varchar(15) DEFAULT NULL,
  `reteica` tinyint(1) DEFAULT NULL,
  `porcentajereteica` float DEFAULT NULL,
  `autoretenedor` tinyint(1) DEFAULT NULL,
  PRIMARY KEY (`idcliente`),
  UNIQUE KEY `idcliente_UNIQUE` (`idcliente`),
  KEY `fk_cliente_tipopersona1_idx` (`tipopersona_idtipopersona`),
  KEY `fk_cliente_tiporegimen1_idx` (`tiporegimen_idtiporegimen`),
  KEY `fk_cliente_tipoidentificacion2_idx` (`reptipoidentificacion_idtipoidentificacion`),
  KEY `fk_cliente_pais1_idx` (`pais_idpais`),
  KEY `fk_cliente_departamento1_idx` (`departamento_iddepartamento`),
  KEY `fk_cliente_ciudad1_idx` (`ciudad_idciudad`),
  KEY `fk_cliente_tipoactividadeconomica1_idx` (`tipoactividadeconomica_idtipoactividadeconomica`),
  KEY `fk_cliente_users1_idx` (`users_id`),
  KEY `fk_cliente_tipocliente1_idx` (`tipocliente_idtipocliente`),
  KEY `fk_cliente_tiposociedad1_idx` (`tiposociedad_idtiposociedad`),
  CONSTRAINT `fk_cliente_ciudad1` FOREIGN KEY (`ciudad_idciudad`) REFERENCES `ciudad` (`idciudad`) ON DELETE NO ACTION ON UPDATE NO ACTION,
  CONSTRAINT `fk_cliente_departamento1` FOREIGN KEY (`departamento_iddepartamento`) REFERENCES `departamento` (`iddepartamento`) ON DELETE NO ACTION ON UPDATE NO ACTION,
  CONSTRAINT `fk_cliente_pais1` FOREIGN KEY (`pais_idpais`) REFERENCES `pais` (`idpais`) ON DELETE NO ACTION ON UPDATE NO ACTION,
  CONSTRAINT `fk_cliente_tipoactividadeconomica1` FOREIGN KEY (`tipoactividadeconomica_idtipoactividadeconomica`) REFERENCES `tipoactividadeconomica` (`idtipoactividadeconomica`) ON DELETE NO ACTION ON UPDATE NO ACTION,
  CONSTRAINT `fk_cliente_tipoidentificacion2` FOREIGN KEY (`reptipoidentificacion_idtipoidentificacion`) REFERENCES `tipoidentificacion` (`idtipoidentificacion`) ON DELETE NO ACTION ON UPDATE NO ACTION,
  CONSTRAINT `fk_cliente_tipopersona1` FOREIGN KEY (`tipopersona_idtipopersona`) REFERENCES `tipopersona` (`idtipopersona`) ON DELETE NO ACTION ON UPDATE NO ACTION,
  CONSTRAINT `fk_cliente_tiporegimen1` FOREIGN KEY (`tiporegimen_idtiporegimen`) REFERENCES `tiporegimen` (`idtiporegimen`) ON DELETE NO ACTION ON UPDATE NO ACTION,
  CONSTRAINT `fk_cliente_tiposociedad1` FOREIGN KEY (`tiposociedad_idtiposociedad`) REFERENCES `tiposociedad` (`idtiposociedad`) ON DELETE NO ACTION ON UPDATE NO ACTION,
  CONSTRAINT `fk_cliente_users1` FOREIGN KEY (`users_id`) REFERENCES `users` (`id`) ON DELETE NO ACTION ON UPDATE NO ACTION
) ENGINE=InnoDB AUTO_INCREMENT=16 DEFAULT CHARSET=utf8;

--
-- Dumping data for table `cliente`
--

INSERT INTO `cliente` VALUES (12,'Siglo del Hombre Editores S.A','Librería La Candelaria','1234567','1999-03-28','2',0,'800154368-8','Carrera 31 # 25b-50',1,3,11001,'112331','3377700','3125926390','3125926390','ogaleano@siglodelhombre.com','libreriasiglo.com','Emilia',NULL,'Franco','de Arcila','21212122','1966-03-21','Bogotá',2,1,1,1,NULL,27,'2019-03-27 01:34:04','2019-03-29 03:39:21',NULL,1,1,2,'12345678','123456789',1,NULL,0),(13,'Juliana Zambrano',NULL,'987654356','2019-04-02','0',0,'10184299765-1','Cra 50 # 144-61 Apto 303',1,3,11001,'111153','3002331335',NULL,'3002331335','julizam3@gmail.com','libreriasiglo.com',NULL,NULL,NULL,NULL,NULL,NULL,NULL,1,2,1,1,NULL,31,'2019-04-11 22:03:25','2019-04-11 22:11:16',NULL,1,1,1,NULL,NULL,0,NULL,0),(14,'Oscar M Borja','test de nombre comercial','2323232222223331111','2019-04-01','1',1,'23232323232-2','cscsscsc',1,11,25386,'252601','232323232','8976208','2222','adsofmelk@gmail.com',NULL,NULL,NULL,NULL,NULL,NULL,NULL,NULL,1,1,1,1,NULL,25,'2019-04-16 07:54:45','2019-07-06 19:04:16',NULL,1,1,1,NULL,NULL,0,NULL,NULL),(15,'Siglo del Hombre Editores S.A','Librería La Candelaria','2312312232','1992-04-01','2',0,'800154368-9','Carrera 31A # 25B-50',1,5,15861,'112200','3377700','3125926390','3125926390','galeanoscar@hotmail.com','libreriasiglo.com','Emilia',NULL,'Franco','de Arcila','12322522522','1982-11-11','Bogotá',2,1,1,1,NULL,35,'2019-07-24 22:16:32','2019-07-24 22:25:58',NULL,1,1,2,'111','fggdfgsdfgdf',0,NULL,0);

--
-- Table structure for table `cliente_has_documentosrequeridos`
--

CREATE TABLE `cliente_has_documentosrequeridos` (
  `idcliente_has_documentosrequeridos` int(11) NOT NULL AUTO_INCREMENT,
  `cliente_idcliente` int(11) NOT NULL,
  `documentosrequeridos_iddocumentosrequeridos` int(11) NOT NULL,
  `filename` text,
  `created_at` varchar(45) DEFAULT NULL,
  `updated_at` varchar(45) DEFAULT NULL,
  `deleted_at` varchar(45) DEFAULT NULL,
  `originalname` text,
  PRIMARY KEY (`idcliente_has_documentosrequeridos`),
  UNIQUE KEY `idcliente_has_documentosrequeridoscol_UNIQUE` (`idcliente_has_documentosrequeridos`),
  KEY `fk_cliente_has_documentosrequeridos_documentosrequeridos1_idx` (`documentosrequeridos_iddocumentosrequeridos`),
  KEY `fk_cliente_has_documentosrequeridos_cliente1_idx` (`cliente_idcliente`),
  CONSTRAINT `fk_cliente_has_documentosrequeridos_cliente1` FOREIGN KEY (`cliente_idcliente`) REFERENCES `cliente` (`idcliente`) ON DELETE NO ACTION ON UPDATE NO ACTION,
  CONSTRAINT `fk_cliente_has_documentosrequeridos_documentosrequeridos1` FOREIGN KEY (`documentosrequeridos_iddocumentosrequeridos`) REFERENCES `documentosrequeridos` (`iddocumentosrequeridos`) ON DELETE NO ACTION ON UPDATE NO ACTION
) ENGINE=InnoDB AUTO_INCREMENT=29 DEFAULT CHARSET=utf8;

--
-- Dumping data for table `cliente_has_documentosrequeridos`
--

INSERT INTO `cliente_has_documentosrequeridos` VALUES (1,12,2,'6XlnlrFl5Ddi9wY7.Captura de pantalla -2019-03-22 21-23-39.png','2019-03-26 20:41:32','2019-03-26 20:41:32',NULL,'Captura de pantalla -2019-03-22 21-23-39.png'),(2,12,3,'4OdKXqQl9OnxbyEA.Captura de pantalla -2019-03-22 16-23-36.png','2019-03-26 20:44:07','2019-03-26 20:44:07',NULL,'Captura de pantalla -2019-03-22 16-23-36.png'),(3,12,6,'tpusgFRuA6x8me2t.propuesta compraenlaprovincia.pdf','2019-03-26 20:47:25','2019-03-26 20:47:25',NULL,'propuesta compraenlaprovincia.pdf'),(4,12,7,'mtka3FfGXUUtULRZ.descuentos.png','2019-03-26 20:47:45','2019-03-26 20:47:45',NULL,'descuentos.png'),(5,12,8,'Wvsgocm72avXZ8Gl.cotizacion_casa_el_retiro.org.xlsx.pdf','2019-03-26 20:53:12','2019-03-26 20:53:12',NULL,'cotizacion_casa_el_retiro.org.xlsx.pdf'),(6,12,9,'Ephd6KWK1VsFNJeV.INTERNATIONAL EXHIBITOR FORM_rodrigo_vargas_leiva.pdf','2019-03-26 20:53:32','2019-03-26 20:53:32',NULL,'INTERNATIONAL EXHIBITOR FORM_rodrigo_vargas_leiva.pdf'),(7,12,10,'pz1TRP3q7LIqUBQb.INTERNATIONAL EXHIBITOR FORM_rodrigo_vargas_leiva.docx','2019-03-26 20:53:41','2019-03-26 20:53:41',NULL,'INTERNATIONAL EXHIBITOR FORM_rodrigo_vargas_leiva.docx'),(8,13,2,'viQMnUXCgv5O8LTR.6293511825.pdf','2019-04-11 17:06:11','2019-04-11 17:06:11',NULL,'6293511825.pdf'),(9,13,3,'8vDHO5ezBSYcFL6P.Entrega #005202.pdf','2019-04-11 17:09:13','2019-04-11 17:09:13',NULL,'Entrega #005202.pdf'),(10,13,6,'Z0cosQx4IzJkQ3EY.Entrega #005296.pdf','2019-04-11 17:09:23','2019-04-11 17:09:23',NULL,'Entrega #005296.pdf'),(11,13,7,'wuIv0Q1EjBgmquz8.Entrega #005055.pdf','2019-04-11 17:09:50','2019-04-11 17:09:50',NULL,'Entrega #005055.pdf'),(12,13,10,'AthZuYPkHnGVCClk.caratula-clausulado.pdf','2019-04-11 17:10:08','2019-04-11 17:10:08',NULL,'caratula-clausulado.pdf'),(13,13,9,'Hr1chfC3L1BJT9eg.obra-Freud.pdf','2019-04-11 17:10:22','2019-04-11 17:10:22',NULL,'obra-Freud.pdf'),(14,13,8,'hcXc4cbWbHHicL57.BoletiěnAgosto18.pdf','2019-04-11 17:10:49','2019-04-11 17:10:49',NULL,'BoletiěnAgosto18.pdf'),(15,14,2,'xjkAOei51khEd680.INTERNATIONAL EXHIBITOR FORM_rodrigo_vargas_leiva.pdf','2019-04-16 15:01:55','2019-04-16 15:01:55',NULL,'INTERNATIONAL EXHIBITOR FORM_rodrigo_vargas_leiva.pdf'),(16,14,3,'lZo0Q9OvMqoyURfC.rut.pdf','2019-04-16 15:18:08','2019-04-16 15:18:08',NULL,'rut.pdf'),(17,14,10,'obXjNQzf2tEXMFbY.Stator.pdf','2019-07-06 14:02:53','2019-07-06 14:02:53',NULL,'Stator.pdf'),(18,14,9,'FQEUPjBbys0Gaa3p.index.php','2019-07-06 14:03:13','2019-07-06 14:03:13',NULL,'index.php'),(19,14,8,'D7NwtP0VGFMXLnqt.testserv.php','2019-07-06 14:03:21','2019-07-06 14:03:21',NULL,'testserv.php'),(20,14,7,'dW6E51DvC1p0ehjR.autoload.php','2019-07-06 14:03:42','2019-07-06 14:03:42',NULL,'autoload.php'),(21,14,6,'3g2IIuuA0qbChUWv.Rakefile','2019-07-06 14:03:58','2019-07-06 14:03:58',NULL,'Rakefile'),(22,15,2,'wiGi5isfYDh8ctoo.a1.txt','2019-07-24 17:21:30','2019-07-24 17:21:30',NULL,'a1.txt'),(23,15,6,'dilRWSW8RlqHdwmF.a2.txt','2019-07-24 17:22:08','2019-07-24 17:22:08',NULL,'a2.txt'),(24,15,3,'TsRlA59CMjZJHpAe.a3.txt','2019-07-24 17:23:23','2019-07-24 17:23:23',NULL,'a3.txt'),(25,15,7,'IcfkOOfokVDvGBUv.a4.txt','2019-07-24 17:23:29','2019-07-24 17:23:29',NULL,'a4.txt'),(26,15,8,'xrv2LFaPno3LBvoj.a5.txt','2019-07-24 17:23:34','2019-07-24 17:23:34',NULL,'a5.txt'),(27,15,9,'8JN87mMW4U8n5mtA.a6.txt','2019-07-24 17:23:39','2019-07-24 17:23:39',NULL,'a6.txt'),(28,15,10,'B6QgiNg2hzL4Vorh.a7.txt','2019-07-24 17:23:44','2019-07-24 17:23:44',NULL,'a7.txt');

--
-- Table structure for table `clientesegmento`
--

CREATE TABLE `clientesegmento` (
  `idclientesegmento` int(11) NOT NULL AUTO_INCREMENT,
  `nombre` varchar(45) DEFAULT NULL,
  PRIMARY KEY (`idclientesegmento`),
  UNIQUE KEY `idclientesegmento_UNIQUE` (`idclientesegmento`)
) ENGINE=InnoDB DEFAULT CHARSET=utf8;

--
-- Dumping data for table `clientesegmento`
--


--
-- Table structure for table `departamento`
--

CREATE TABLE `departamento` (
  `iddepartamento` int(11) NOT NULL AUTO_INCREMENT,
  `nombre` varchar(45) NOT NULL,
  `pais_idpais` int(11) NOT NULL,
  PRIMARY KEY (`iddepartamento`),
  UNIQUE KEY `iddepartamento_UNIQUE` (`iddepartamento`),
  KEY `fk_departamento_pais1_idx` (`pais_idpais`),
  CONSTRAINT `fk_departamento_pais1` FOREIGN KEY (`pais_idpais`) REFERENCES `pais` (`idpais`) ON DELETE NO ACTION ON UPDATE NO ACTION
) ENGINE=InnoDB AUTO_INCREMENT=34 DEFAULT CHARSET=utf8;

--
-- Dumping data for table `departamento`
--

INSERT INTO `departamento` VALUES (1,'ANTIOQUIA',1),(2,'ATLANTICO',1),(3,'BOGOTA D.C.',1),(4,'BOLIVAR',1),(5,'BOYACA',1),(6,'CALDAS',1),(7,'CAQUETÁ',1),(8,'CAUCA',1),(9,'CESAR',1),(10,'CORDOBA',1),(11,'CUNDINAMARCA',1),(12,'CHOCÓ',1),(13,'HUILA',1),(14,'LA GUAJIRA',1),(15,'MAGDALENA',1),(16,'META',1),(17,'NARIÑO',1),(18,'NORTE DE SANTANDER',1),(19,'QUINDIO',1),(20,'RISARALDA',1),(21,'SANTANDER',1),(22,'SUCRE',1),(23,'TOLIMA',1),(24,'VALLE DEL CAUCA',1),(25,'ARAUCA',1),(26,'CASANARE',1),(27,'PUTUMAYO',1),(28,'SAN ANDRÉS',1),(29,'AMAZONAS',1),(30,'GUANÍA',1),(31,'GUAVIARE',1),(32,'VAUPÉS',1),(33,'VICHADA',1);

--
-- Table structure for table `documentosrequeridos`
--

CREATE TABLE `documentosrequeridos` (
  `iddocumentosrequeridos` int(11) NOT NULL AUTO_INCREMENT,
  `nombre` varchar(128) NOT NULL,
  `diasvalidez` int(11) NOT NULL,
  PRIMARY KEY (`iddocumentosrequeridos`),
  UNIQUE KEY `iddocumentosrequeridos_UNIQUE` (`iddocumentosrequeridos`)
) ENGINE=InnoDB AUTO_INCREMENT=13 DEFAULT CHARSET=utf8;

--
-- Dumping data for table `documentosrequeridos`
--

INSERT INTO `documentosrequeridos` VALUES (1,'Cámara de comercio vigente',60),(2,'RUT actualizado',360),(3,'Copia de la C.C. del representante Legal o Persona Natural',0),(4,'Estados financieros actualizados al cierre del último año',180),(5,'Última declaración de renta',180),(6,'Certificación bancaria  1',30),(7,'Referencias comerciales 1',30),(8,'Certificado de existencia y representación legal',360),(9,'Certificación bancaria 2',30),(10,'Referencias comerciales 2',30),(11,'Declaración de renta',365),(12,'Estados financieros',365);

--
-- Table structure for table `documentosrequeridos_has_tipocliente`
--

CREATE TABLE `documentosrequeridos_has_tipocliente` (
  `documentosrequeridos_iddocumentosrequeridos` int(11) NOT NULL,
  `tipocliente_idtipocliente` int(11) NOT NULL,
  PRIMARY KEY (`documentosrequeridos_iddocumentosrequeridos`,`tipocliente_idtipocliente`),
  KEY `fk_documentosrequeridos_has_tipocliente_tipocliente1_idx` (`tipocliente_idtipocliente`),
  KEY `fk_documentosrequeridos_has_tipocliente_documentosrequerido_idx` (`documentosrequeridos_iddocumentosrequeridos`),
  CONSTRAINT `fk_documentosrequeridos_has_tipocliente_documentosrequeridos1` FOREIGN KEY (`documentosrequeridos_iddocumentosrequeridos`) REFERENCES `documentosrequeridos` (`iddocumentosrequeridos`) ON DELETE NO ACTION ON UPDATE NO ACTION,
  CONSTRAINT `fk_documentosrequeridos_has_tipocliente_tipocliente1` FOREIGN KEY (`tipocliente_idtipocliente`) REFERENCES `tipocliente` (`idtipocliente`) ON DELETE NO ACTION ON UPDATE NO ACTION
) ENGINE=InnoDB DEFAULT CHARSET=utf8;

--
-- Dumping data for table `documentosrequeridos_has_tipocliente`
--

INSERT INTO `documentosrequeridos_has_tipocliente` VALUES (2,1),(2,2),(2,3),(3,1),(3,2),(3,3),(6,1),(7,1),(8,1),(8,2),(8,3),(9,1),(10,1),(11,3),(12,3);

--
-- Table structure for table `migrations`
--

CREATE TABLE `migrations` (
  `id` int(10) unsigned NOT NULL AUTO_INCREMENT,
  `migration` varchar(255) CHARACTER SET utf8mb4 COLLATE utf8mb4_unicode_ci NOT NULL,
  `batch` int(11) NOT NULL,
  PRIMARY KEY (`id`)
) ENGINE=InnoDB AUTO_INCREMENT=3 DEFAULT CHARSET=utf8;

--
-- Dumping data for table `migrations`
--

INSERT INTO `migrations` VALUES (1,'2014_10_12_000000_create_users_table',1),(2,'2014_10_12_100000_create_password_resets_table',1);

--
-- Table structure for table `pais`
--

CREATE TABLE `pais` (
  `idpais` int(11) NOT NULL AUTO_INCREMENT,
  `nombre` varchar(45) DEFAULT NULL,
  PRIMARY KEY (`idpais`),
  UNIQUE KEY `idpais_UNIQUE` (`idpais`)
) ENGINE=InnoDB AUTO_INCREMENT=2 DEFAULT CHARSET=utf8;

--
-- Dumping data for table `pais`
--

INSERT INTO `pais` VALUES (1,'Colombia');

--
-- Table structure for table `personacontacto`
--

CREATE TABLE `personacontacto` (
  `idpersonacontacto` int(11) NOT NULL AUTO_INCREMENT,
  `nombre` varchar(45) DEFAULT NULL,
  `email` varchar(45) DEFAULT NULL,
  `telefono` varchar(45) DEFAULT NULL,
  `cliente_idcliente` int(11) NOT NULL,
  `cargopersonacontacto_idcargopersonacontacto` int(11) NOT NULL,
  `created_at` timestamp NULL DEFAULT NULL,
  `updated_at` timestamp NULL DEFAULT NULL,
  `deleted_at` timestamp NULL DEFAULT NULL,
  PRIMARY KEY (`idpersonacontacto`),
  UNIQUE KEY `idpersonacontacto_UNIQUE` (`idpersonacontacto`),
  KEY `fk_personacontacto_cliente1_idx` (`cliente_idcliente`),
  KEY `fk_personacontacto_cargopersonacontacto1_idx` (`cargopersonacontacto_idcargopersonacontacto`),
  CONSTRAINT `fk_personacontacto_cargopersonacontacto1` FOREIGN KEY (`cargopersonacontacto_idcargopersonacontacto`) REFERENCES `cargopersonacontacto` (`idcargopersonacontacto`) ON DELETE NO ACTION ON UPDATE NO ACTION,
  CONSTRAINT `fk_personacontacto_cliente1` FOREIGN KEY (`cliente_idcliente`) REFERENCES `cliente` (`idcliente`) ON DELETE NO ACTION ON UPDATE NO ACTION
) ENGINE=InnoDB AUTO_INCREMENT=11 DEFAULT CHARSET=utf8;

--
-- Dumping data for table `personacontacto`
--

INSERT INTO `personacontacto` VALUES (1,'Tania Trujillo','facturacion@siglodelhombre.com','3377700',12,5,'2019-03-27 01:34:59','2019-03-27 01:34:59',NULL),(3,'Yaneth Castro','administración@siglodelhombre.com','3377666',12,1,'2019-03-27 01:35:47','2019-03-27 01:37:40',NULL),(4,'Felipe Grismaldo','libreria@siglodelhombre.com','2828688',12,2,'2019-03-27 01:39:01','2019-03-27 01:39:01',NULL),(6,'Juliana Zambrano','julizam3@gmail.com','3002331335',13,1,'2019-04-11 22:04:41','2019-04-11 22:04:41',NULL),(7,'jhjkjkhjh','ing.oscar.borja@gmail.com','222222',14,2,'2019-04-16 08:09:37','2019-04-16 21:50:37',NULL),(8,'fundiconcretos','webmaster@siglñodelhombre.com','87654',14,4,'2019-04-16 08:10:38','2019-04-16 08:10:38',NULL),(9,'Juliana Zambrano','info@siglodelhombre.com','23333333',15,3,'2019-07-24 22:17:56','2019-07-24 22:20:13',NULL),(10,'Juliana Zambrano','info@siglodelhombre.com','23333333',15,1,'2019-07-24 22:18:09','2019-07-24 22:18:09',NULL);

--
-- Table structure for table `subcanal`
--

CREATE TABLE `subcanal` (
  `idsubcanal` int(11) NOT NULL AUTO_INCREMENT,
  `nombre` varchar(45) DEFAULT NULL,
  `canal_idcanal` int(11) NOT NULL,
  PRIMARY KEY (`idsubcanal`),
  UNIQUE KEY `idsubcanal_UNIQUE` (`idsubcanal`),
  KEY `fk_subcanal_canal_idx` (`canal_idcanal`),
  CONSTRAINT `fk_subcanal_canal` FOREIGN KEY (`canal_idcanal`) REFERENCES `canal` (`idcanal`) ON DELETE NO ACTION ON UPDATE NO ACTION
) ENGINE=InnoDB DEFAULT CHARSET=utf8;

--
-- Dumping data for table `subcanal`
--


--
-- Table structure for table `tipoactividadeconomica`
--

CREATE TABLE `tipoactividadeconomica` (
  `idtipoactividadeconomica` int(11) NOT NULL AUTO_INCREMENT,
  `nombre` varchar(45) DEFAULT NULL,
  PRIMARY KEY (`idtipoactividadeconomica`)
) ENGINE=InnoDB AUTO_INCREMENT=4 DEFAULT CHARSET=utf8;

--
-- Dumping data for table `tipoactividadeconomica`
--

INSERT INTO `tipoactividadeconomica` VALUES (1,'Exento'),(2,'Excluido'),(3,'Gravado');

--
-- Table structure for table `tipocliente`
--

CREATE TABLE `tipocliente` (
  `idtipocliente` int(11) NOT NULL,
  `nombre` varchar(45) NOT NULL,
  PRIMARY KEY (`idtipocliente`)
) ENGINE=InnoDB DEFAULT CHARSET=utf8;

--
-- Dumping data for table `tipocliente`
--

INSERT INTO `tipocliente` VALUES (1,'Cliente Nuevo'),(2,'Cliente Antiguo 1'),(3,'Cliente Antiguo 2');

--
-- Table structure for table `tipocupocredito`
--

CREATE TABLE `tipocupocredito` (
  `idtipocupocredito` int(11) NOT NULL AUTO_INCREMENT,
  `nombre` varchar(45) DEFAULT NULL,
  PRIMARY KEY (`idtipocupocredito`),
  UNIQUE KEY `idtipocupocredito_UNIQUE` (`idtipocupocredito`)
) ENGINE=InnoDB DEFAULT CHARSET=utf8;

--
-- Dumping data for table `tipocupocredito`
--


--
-- Table structure for table `tipoidentificacion`
--

CREATE TABLE `tipoidentificacion` (
  `idtipoidentificacion` int(11) NOT NULL AUTO_INCREMENT,
  `nombre` varchar(45) DEFAULT NULL,
  PRIMARY KEY (`idtipoidentificacion`),
  UNIQUE KEY `idtipoidentificacion_UNIQUE` (`idtipoidentificacion`)
) ENGINE=InnoDB AUTO_INCREMENT=5 DEFAULT CHARSET=utf8;

--
-- Dumping data for table `tipoidentificacion`
--

INSERT INTO `tipoidentificacion` VALUES (1,'C.C.'),(2,'C.E.'),(3,'PASAPORTE'),(4,'NIT');

--
-- Table structure for table `tipopersona`
--

CREATE TABLE `tipopersona` (
  `idtipopersona` int(11) NOT NULL AUTO_INCREMENT,
  `nombre` varchar(45) NOT NULL,
  PRIMARY KEY (`idtipopersona`),
  UNIQUE KEY `idtipopersona_UNIQUE` (`idtipopersona`)
) ENGINE=InnoDB AUTO_INCREMENT=3 DEFAULT CHARSET=utf8;

--
-- Dumping data for table `tipopersona`
--

INSERT INTO `tipopersona` VALUES (1,'Natural'),(2,'Jurídica');

--
-- Table structure for table `tiporegimen`
--

CREATE TABLE `tiporegimen` (
  `idtiporegimen` int(11) NOT NULL AUTO_INCREMENT,
  `nombre` varchar(45) NOT NULL,
  PRIMARY KEY (`idtiporegimen`),
  UNIQUE KEY `idtiporegimen_UNIQUE` (`idtiporegimen`)
) ENGINE=InnoDB AUTO_INCREMENT=3 DEFAULT CHARSET=utf8;

--
-- Dumping data for table `tiporegimen`
--

INSERT INTO `tiporegimen` VALUES (1,'Común'),(2,'Simplificado');

--
-- Table structure for table `tiposociedad`
--

CREATE TABLE `tiposociedad` (
  `idtiposociedad` int(11) NOT NULL AUTO_INCREMENT,
  `nombre` varchar(45) NOT NULL,
  PRIMARY KEY (`idtiposociedad`)
) ENGINE=InnoDB AUTO_INCREMENT=8 DEFAULT CHARSET=utf8;

--
-- Dumping data for table `tiposociedad`
--

INSERT INTO `tiposociedad` VALUES (1,'Ninguno'),(2,'Sociedad anónima'),(3,'Sociedad por acciones simplificadas (SAS)'),(4,'Sociedad de responsabilidad limitada (LTDA)'),(5,'Sociedad comandita simple'),(6,'Sociedad comandita por acciones'),(7,'Sociedad colectiva');


